at is the greatest common factor of 6 and t?
6
Let v(s) = s**2 + 4*s + 1. Let o be v(-4). Let f be 4/((-8)/(-122)) - o. What is the greatest common factor of f and 12?
12
Let t(q) = -9*q - 2. Suppose 0 + 10 = -5*b. Let f be t(b). Calculate the greatest common divisor of 2 and f.
2
Suppose u + 4 = 0, 2*j - 3*u - 12 = 5*j. Suppose 3*w = -5*f + 73, j*f + 90 = 5*w + 2*f. Suppose w = -p + 5*p. Calculate the greatest common factor of p and 16.
4
Let n be ((-2)/3)/(18/(-891)). Let c = n - 17. What is the highest common factor of 24 and c?
8
Suppose -2*j - 46 = -4*c + j, -4*c - 2*j + 56 = 0. What is the greatest common factor of c and 52?
13
Suppose -4*q = -100 + 16. Suppose -b - 3*b + 16 = 0. Let i = b - -17. Calculate the highest common divisor of q and i.
21
Suppose 5*q = 3*q + 414. What is the greatest common divisor of q and 23?
23
Let b be 676/(-4) + -1 + 0. Let a = b - -254. What is the highest common factor of 12 and a?
12
Suppose 6*c = c + 20. Let d(n) = n**3 - 4*n**2 - 8*n - 2. Let y be d(6). Suppose c*r - 22 = y. What is the highest common factor of r and 44?
11
Let t(s) = -48*s**3 + s**2 - 1. Let g be t(-1). What is the greatest common divisor of g and 72?
24
Let m(r) = -2*r**3 + r**2 - r - 4. Let f be m(-3). Suppose 3*g = 5*n + 4*g - f, n = -5*g - 2. What is the highest common divisor of 65 and n?
13
Let j be (-20 + -1 + 1)*-1. What is the highest common divisor of 8 and j?
4
Let a be (1 + 1)/((-2)/(-4)). Suppose 8 = q + 2*u - 8, -3*q + 38 = a*u. Calculate the highest common divisor of q and 4.
2
Let h = 121 - 119. Let c = -3 - -3. Let n be 40*(2/5 - c). What is the highest common factor of n and h?
2
Let o(h) = 6*h - 2. Let g be o(5). What is the highest common factor of g and 56?
28
Suppose -5*j + 18 = -3*j. Let f(a) = -10*a + 21. Let s be f(2). Calculate the greatest common divisor of j and s.
1
Suppose 2*k - 5*k + 17 = 5*q, 0 = -k - q + 3. Let v be 2 - 0/1 - k. Suppose 2*r - 5*g - 12 = 15, v = -g. Calculate the greatest common factor of r and 9.
3
Let k(c) = -59*c + 5. Let r be k(-3). What is the greatest common factor of 26 and r?
26
Let b(c) = -1. Let h(o) = o + 6. Let z(p) = -6*b(p) - 3*h(p). Let q be z(-8). Calculate the greatest common factor of 96 and q.
12
Let n = 95 - 48. Let u = n - 25. Calculate the highest common divisor of u and 66.
22
Let w = 325 + -217. Let x = 39 - 27. What is the highest common divisor of x and w?
12
Suppose 0*i = -i + 5*u + 95, -5*i + 446 = 4*u. Calculate the greatest common factor of i and 10.
10
Suppose 19 + 8 = -3*p. Let k(h) = -6*h + 5. Let a(z) = 1. Let w(s) = -4*a(s) + k(s). Let c be w(p). What is the greatest common factor of 22 and c?
11
Let f = -17 + 24. Let c(u) = -3*u - 5. Let i be -2 + 2 + -2 - 2. Let x be c(i). What is the greatest common factor of f and x?
7
Suppose 4*x + 1 - 25 = 0. Suppose x*a - 2*a - 48 = 0. Suppose -189 + 9 = -5*t. What is the greatest common divisor of t and a?
12
Let a = 4 + -8. Let y be ((-91)/a)/(4/16). Calculate the greatest common factor of 13 and y.
13
Suppose -3*a - 5*b + b = -61, 2*a + 2*b = 38. What is the highest common divisor of a and 10?
5
Suppose 3*z - z = 224. Calculate the greatest common divisor of z and 14.
14
Let z(m) = 4*m**2 - 2*m. Let q = -4 + 7. Let f be z(q). Calculate the highest common divisor of 12 and f.
6
Suppose -p = -3*l - 16, -5*p + 8 = -3*l - 12. Let q = 3 + p. What is the greatest common divisor of 20 and q?
4
Let y(q) = q**3 + 7*q**2 + 7*q. Let n be y(-3). Let o be (-4)/(-10) + (-1865)/(-25). Calculate the greatest common divisor of o and n.
15
Let u(n) = 6*n**2 - 5*n + 3. Let i be u(3). Let l = 862 + -841. What is the highest common divisor of i and l?
21
Let v(i) = -i**3 + 9*i**2 - 6*i + 8. Let a = 3 + 3. Let g be v(a). Calculate the highest common factor of 10 and g.
10
Let x = -34 + 52. What is the highest common divisor of x and 9?
9
Let f be ((-6)/(-10))/(2/10). Suppose -55 = -f*b - 2*b. What is the greatest common factor of 1 and b?
1
Let y be 5392/104 + 2/13. Calculate the greatest common divisor of 13 and y.
13
Let r(b) = 5*b + 24. Let n be r(-11). Suppose -37 = 2*q + h, -3*q - 5*h = -0*q + 66. Let u = q - n. Calculate the greatest common factor of u and 14.
14
Suppose -6 + 26 = 4*m, 5*m - 10 = 3*x. Suppose 0*n + x*n = 700. Calculate the greatest common divisor of n and 28.
28
Let u be (2 - 4) + (21 - 4). Let o(p) = -5*p - 10. Let j be o(-5). What is the highest common factor of j and u?
15
Let p = 13 - 9. Suppose 0 = w - p*w + 6. Calculate the greatest common divisor of w and 6.
2
Let j(q) = -q + 3. Let r(f) = f**3 + f - 7. Let w be 0/((-3)/(9/(-6))). Let n be r(w). Let u be j(n). Calculate the greatest common factor of 2 and u.
2
Let p = 26 + -17. Let i(d) = -d**3 + 10*d**2 - 9*d + 10. Let m be i(p). Suppose -w + 4 = -86. Calculate the greatest common factor of m and w.
10
Let c = -6 + 8. Let p = 16 + -12. Let m be (12/p)/3 - -1. What is the greatest common factor of c and m?
2
Let a = 112 - 76. Suppose -2*q + a + 18 = 0. Calculate the greatest common divisor of 18 and q.
9
Let u(y) = y + 2. Let m be u(7). Let q be (84/(-2))/(4/(-6)). Calculate the greatest common divisor of m and q.
9
Suppose -g - 3*q - 2 = -6, 4*g + 3*q - 52 = 0. Calculate the greatest common divisor of g and 112.
16
Let c(p) = p**3 - 2*p**2 + 2*p + 1. Let a be c(2). Let d = a - 0. Let v(x) = x**2 + 10*x + 5. Let n be v(-10). Calculate the greatest common factor of d and n.
5
Let v(o) = -o**2 + 7*o + 2. Let i be v(6). Let c = 35 - 19. Calculate the highest common factor of i and c.
8
Let w(z) = 18*z**3 - 2*z**2 - 3*z + 2. Let n be w(2). Let v = -19 + 31. Calculate the highest common factor of v and n.
12
Suppose -5*v = -2*b - v + 70, 4*b - 2*v - 134 = 0. Let g = b - 18. What is the highest common divisor of g and 10?
5
Suppose 3*i - 27 = 36. Let f = 36 - i. What is the highest common factor of f and 75?
15
Let c(l) = 9*l + 6. Let s be c(-5). Let b = s + 71. What is the greatest common factor of b and 8?
8
Suppose -3*o + 237 = 3*n, -3*n = -4*o + n + 332. Let u be 86/(-10) + (-2)/5. Let t = u - -18. What is the greatest common divisor of o and t?
9
Let s(p) = -2*p + 6*p - 5 - p. Let x be -1 + (0 - -1) - -5. Let k be s(x). What is the greatest common divisor of 40 and k?
10
Suppose 5*r - 1306 = -106. Calculate the greatest common divisor of 24 and r.
24
Let v(u) = 4 + 3*u**2 - u**2 - 2*u - 5*u. Let w be v(4). Calculate the highest common factor of w and 8.
8
Suppose 4*z - 33 = 2*z + 3*x, -5*z + 114 = 3*x. Calculate the highest common divisor of 14 and z.
7
Let j = 11 + 5. Suppose 4*n = 3*n + j. Calculate the highest common divisor of 4 and n.
4
Suppose -3*c + 232 = 2*o, 3*o + 180 = 2*c - 2*o. What is the greatest common factor of c and 16?
16
Let z be ((-3)/(-4))/((-2)/(-40)). Suppose 7*d = 3*d - 56. Let q = d + 20. What is the highest common divisor of q and z?
3
Let l = -3 - -6. Suppose 3*n + l*b - 16 = 35, 5*b = -2*n + 31. Calculate the highest common factor of n and 2.
2
Let c(m) = m**3 - m**2 + m + 7. Let j be c(0). Let i be ((-42)/(-5))/(15/(-25) - -1). Calculate the highest common divisor of j and i.
7
Let f be -3 + (4 - (3 - 37)). Calculate the greatest common factor of f and 35.
35
Let s be 4 - 4 - 6/(-1). Let z be (-13)/(-4) - 5/20. Let j(x) = x**2 - 3*x + 4. Let h be j(z). What is the greatest common divisor of s and h?
2
Let n be (-6)/4 - 45/(-2). What is the greatest common factor of n and 126?
21
Suppose -3*v + 32 = 5. Let j be 42*(-24)/14*-1. What is the highest common factor of v and j?
9
Suppose -2*s = 3*l + 2, 5*s - l - 20 = 9. Suppose 168 = s*g + 2528. Let i be 2/7 + g/(-14). What is the highest common factor of i and 17?
17
Let u(q) = 6*q + 1. Let a be u(1). Let d(t) = -t**3 + 10*t**2 - t - 5. Let y be d(a). Calculate the greatest common factor of y and 15.
15
Suppose h = 3*h - 8. Suppose u = -h*w + 88, -5*w - 3*u - 59 = -169. Let m = 22 + -11. Calculate the highest common factor of w and m.
11
Let b be -3*(-8)/(-108) + 220/18. Calculate the highest common divisor of 48 and b.
12
Suppose -4*q - 13 = -33, 5*a - 50 = 3*q. What is the highest common factor of a and 130?
13
Suppose d - 5*m - 20 - 8 = 0, 4*d - 68 = -2*m. Calculate the greatest common divisor of 12 and d.
6
Suppose 5*q - 5*g - 62 = -22, 2*g + 34 = 4*q. Let m be q/7 + 2/